.
16
What is the remainder when 2181 is divided by 56?
53
What is the remainder when 19965 is divided by 1996?
5
Calculate the remainder when 15914 is divided by 28.
10
Calculate the remainder when 806 is divided by 223.
137
Calculate the remainder when 247452 is divided by 13.
10
What is the remainder when 15276 is divided by 213?
153
Calculate the remainder when 518452 is divided by 19.
18
Calculate the remainder when 33691 is divided by 37.
21
What is the remainder when 285816 is divided by 51?
12
What is the remainder when 4350191 is divided by 332?
327
Calculate the remainder when 266 is divided by 1.
0
Calculate the remainder when 6522 is divided by 1089.
1077
Calculate the remainder when 23903 is divided by 1983.
107
Calculate the remainder when 1897 is divided by 203.
70
What is the remainder when 207660 is divided by 286?
24
Calculate the remainder when 31872 is divided by 149.
135
What is the remainder when 291099 is divided by 11?
6
Calculate the remainder when 421989 is divided by 14.
1
Calculate the remainder when 10852 is divided by 134.
132
Calculate the remainder when 1329544 is divided by 191.
184
Calculate the remainder when 479 is divided by 385.
94
What is the remainder when 8838 is divided by 528?
390
Calculate the remainder when 14147 is divided by 204.
71
What is the remainder when 51048 is divided by 557?
361
What is the remainder when 56012 is divided by 389?
385
Calculate the remainder when 2533 is divided by 280.
13
Calculate the remainder when 4838 is divided by 487.
455
What is the remainder when 18497 is divided by 1026?
29
Calculate the remainder when 31444 is divided by 37.
31
Calculate the remainder when 19851 is divided by 46.
25
What is the remainder when 62618 is divided by 62588?
30
What is the remainder when 8661 is divided by 61?
60
What is the remainder when 16903 is divided by 11?
7
Calculate the remainder when 1061 is divided by 28.
25
Calculate the remainder when 232042 is divided by 38672.
10
Calculate the remainder when 41610 is divided by 13870.
0
Calculate the remainder when 545 is divided by 403.
142
Calculate the remainder when 66828 is divided by 326.
324
Calculate the remainder when 27841 is divided by 27819.
22
What is the remainder when 115745 is divided by 283?
281
Calculate the remainder when 105642 is divided by 239.
4
Calculate the remainder when 1695788 is divided by 1648.
1644
What is the remainder when 237418 is divided by 29676?
10
Calculate the remainder when 9387 is divided by 15.
12
Calculate the remainder when 1153776 is divided by 3.
0
Calculate the remainder when 196287 is divided by 59.
53
What is the remainder when 8972 is divided by 42?
26
Calculate the remainder when 24087 is divided by 12020.
47
What is the remainder when 14905 is divided by 26?
7
What is the remainder when 252280 is divided by 870?
850
What is the remainder when 2124 is divided by 107?
91
Calculate the remainder when 26066 is divided by 69.
53
Calculate the remainder when 306946 is divided by 51.
28
Calculate the remainder when 10589 is divided by 705.
14
Calculate the remainder when 26645 is divided by 190.
45
Calculate the remainder when 1924132 is divided by 26724.
4
What is the remainder when 1313 is divided by 188?
185
What is the remainder when 380 is divided by 10?
0
Calculate the remainder when 417692 is divided by 128.
28
Calculate the remainder when 23041 is divided by 340.
261
Calculate the remainder when 9279 is divided by 221.
218
Calculate the remainder when 163216 is divided by 81582.
52
What is the remainder when 661 is divided by 311?
39
Calculate the remainder when 30028 is divided by 177.
115
Calculate the remainder when 2877 is divided by 1438.
1
What is the remainder when 210688 is divided by 6?
4
What is the remainder when 23527 is divided by 7835?
22
What is the remainder when 117508 is divided by 9038?
14
Calculate the remainder when 894234 is divided by 2037.
2028
Calculate the remainder when 8138 is divided by 1364.
1318
What is the remainder when 82853 is divided by 101?
33
What is the remainder when 125 is divided by 13?
8
Calculate the remainder when 1434 is divided by 354.
18
What is the remainder when 95089 is divided by 47538?
13
Calculate the remainder when 1338120 is divided by 334528.
8
What is the remainder when 286 is divided by 181?
105
What is the remainder when 2893 is divided by 506?
363
Calculate the remainder when 2925 is divided by 16.
13
Calculate the remainder when 45157 is divided by 45137.
20
What is the remainder when 19998 is divided by 345?
333
Calculate the remainder when 58480 is divided by 1147.
1130
Calculate the remainder when 1418 is divided by 177.
2
Calculate the remainder when 3307 is divided by 416.
395
What is the remainder when 1441 is divided by 115?
61
Calculate the remainder when 334745 is divided by 1339.
1334
Calculate the remainder when 59581 is divided by 69.
34
What is the remainder when 38865 is divided by 762?
3
Calculate the remainder when 2705 is divided by 547.
517
Calculate the remainder when 188361 is divided by 1427.
1424
Calculate the remainder when 461 is divided by 40.
21
Calculate the remainder when 36735 is divided by 113.
10
Calculate the remainder when 489 is divided by 231.
27
What is the remainder when 122749 is divided by 17535?
4
Calculate the remainder when 65866 is divided by 33.
31
What is the remainder when 126692 is divided by 21112?
20
Calculate the remainder when 719 is divided by 33.
26
Calculate the remainder when 3880 is divided by 960.
40
What is the remainder when 16236 is divided by 309?
168
Calculate the remainder when 146320 is divided by 13.
5
Calculate the remainder when 1705549 is divided by 60912.
13
Calculate the remainder when 92017 is divided by 73.
37
What is the remainder when 24872 is divided by 20?
12
Calculate the remainder when 695 is divided by 611.
84
Calculate the remainder when 24800 is divided by 200.
0
Calculate the remainder when 33755 is divided by 718.
9
Calculate the remainder when 6682 is divided by 394.
378
What is the remainder when 21437 is divided by 426?
137
What is the remainder when 68836 is divided by 447?
445
Calculate the remainder when 17164 is divided by 1907.
1
What is the remainder when 28480 is divided by 91?
88
What is the remainder when 42969 is divided by 5370?
9
Calculate the remainder when 38120 is divided by 51.
23
Calculate the remainder when 2457202 is divided by 1164.
1162
What is the remainder when 6908 is divided by 391?
261
Calculate the remainder when 24982 is divided by 3.
1
Calculate the remainder when 2320102 is divided by 12.
10
Calculate the remainder when 15749 is divided by 13.
6
Calculate the remainder when 19822611 is divided by 17.
16
What is the remainder when 254212 is divided by 63535?
72
What is the remainder when 423 is divided by 381?
42
What is the remainder when 3503 is divided by 12?
11
What is the remainder when 517800 is divided by 221?
218
What is the remainder when 254505 is divided by 106?
105
What is the remainder when 8180 is divided by 23?
15
What is the remainder when 44762 is divided by 62?
60
Calculate the remainder when 323231 is divided by 111.
110
Calculate the remainder when 20431 is divided by 6792.
55
Calculate the remainder when 54154 is divided by 4904.
210
What is the remainder when 1608 is divided by 448?
264
Calculate the remainder when 49561 is divided by 24751.
59
Calculate the remainder when 100414 is divided by 50179.
56
What is the remainder when 132356 is divided by 30?
26
What is the remainder when 1368 is divided by 260?
68
Calculate the remainder when 243279 is divided by 31.
22
What is the remainder when 16743 is divided by 67?
60
Calculate the remainder when 299463 is divided by 332.
331
What is the remainder when 695 is divided by 52?
19
What is the remainder when 67611 is divided by 13?
11
What is the remainder when 145247 is divided by 530?
27
Calculate the remainder when 470 is divided by 245.
225
Calculate the remainder when 6592 is divided by 347.
346
Calculate the remainder when 72436 is divided by 779.
768
Calculate the remainder when 1328073 is divided by 324.
321
What is the remainder when 260927 is divided by 151?
150
Calculate the remainder when 4472 is divided by 2174.
124
Calculate